alculate the remainder when 185 is divided by 35.
10
Calculate the remainder when 566 is divided by 8.
6
What is the remainder when 30 is divided by 6?
0
What is the remainder when 5188 is divided by 8?
4
What is the remainder when 158 is divided by 90?
68
Calculate the remainder when 42 is divided by 37.
5
What is the remainder when 3805 is divided by 70?
25
Calculate the remainder when 4005 is divided by 287.
274
What is the remainder when 735 is divided by 62?
53
What is the remainder when 75 is divided by 59?
16
Calculate the remainder when 748 is divided by 39.
7
What is the remainder when 1403 is divided by 36?
35
Calculate the remainder when 1364 is divided by 4.
0
What is the remainder when 38 is divided by 10?
8
What is the remainder when 364 is divided by 61?
59
Calculate the remainder when 970 is divided by 56.
18
Calculate the remainder when 65 is divided by 65.
0
Calculate the remainder when 42692 is divided by 36.
32
Calculate the remainder when 431 is divided by 149.
133
What is the remainder when 79 is divided by 40?
39
What is the remainder when 2827 is divided by 28?
27
What is the remainder when 16510 is divided by 49?
46
Calculate the remainder when 755 is divided by 371.
13
Calculate the remainder when 12958 is divided by 180.
178
Calculate the remainder when 5853 is divided by 122.
119
Calculate the remainder when 641 is divided by 18.
11
Calculate the remainder when 9097 is divided by 26.
23
Calculate the remainder when 39 is divided by 14.
11
What is the remainder when 3486 is divided by 5?
1
What is the remainder when 1419 is divided by 81?
42
What is the remainder when 339 is divided by 68?
67
Calculate the remainder when 17857 is divided by 76.
73
What is the remainder when 840 is divided by 137?
18
What is the remainder when 1440 is divided by 3?
0
Calculate the remainder when 1180 is divided by 237.
232
What is the remainder when 363 is divided by 53?
45
Calculate the remainder when 37 is divided by 22.
15
Calculate the remainder when 7582 is divided by 12.
10
What is the remainder when 151 is divided by 78?
73
Calculate the remainder when 1496 is divided by 29.
17
Calculate the remainder when 219 is divided by 17.
15
What is the remainder when 757 is divided by 33?
31
What is the remainder when 346 is divided by 164?
18
Calculate the remainder when 895 is divided by 12.
7
What is the remainder when 2168 is divided by 18?
8
What is the remainder when 5295 is divided by 3?
0
What is the remainder when 1420 is divided by 165?
100
What is the remainder when 255 is divided by 67?
54
Calculate the remainder when 416 is divided by 19.
17
Calculate the remainder when 243 is divided by 49.
47
What is the remainder when 3168 is divided by 1574?
20
What is the remainder when 1842 is divided by 918?
6
What is the remainder when 1044 is divided by 94?
10
What is the remainder when 226 is divided by 77?
72
Calculate the remainder when 98 is divided by 20.
18
What is the remainder when 422 is divided by 17?
14
What is the remainder when 14008 is divided by 10?
8
What is the remainder when 1812 is divided by 15?
12
What is the remainder when 12643 is divided by 51?
46
Calculate the remainder when 493 is divided by 161.
10
Calculate the remainder when 134 is divided by 35.
29
What is the remainder when 76911 is divided by 152?
151
What is the remainder when 4033 is divided by 176?
161
What is the remainder when 14171 is divided by 19?
16
Calculate the remainder when 364 is divided by 80.
44
Calculate the remainder when 1378 is divided by 30.
28
What is the remainder when 265 is divided by 254?
11
What is the remainder when 2 is divided by 1?
0
Calculate the remainder when 182 is divided by 23.
21
Calculate the remainder when 504 is divided by 13.
10
Calculate the remainder when 176 is divided by 36.
32
Calculate the remainder when 5826 is divided by 970.
6
Calculate the remainder when 42 is divided by 12.
6
What is the remainder when 396 is divided by 40?
36
Calculate the remainder when 2026 is divided by 288.
10
What is the remainder when 134 is divided by 43?
5
Calculate the remainder when 115 is divided by 9.
7
What is the remainder when 114 is divided by 52?
10
What is the remainder when 12035 is divided by 20?
15
Calculate the remainder when 74 is divided by 7.
4
Calculate the remainder when 150 is divided by 13.
7
What is the remainder when 1232 is divided by 103?
99
What is the remainder when 871 is divided by 111?
94
What is the remainder when 443 is divided by 75?
68
Calculate the remainder when 5567 is divided by 9.
5
Calculate the remainder when 704 is divided by 118.
114
What is the remainder when 2989 is divided by 34?
31
What is the remainder when 195 is divided by 14?
13
Calculate the remainder when 306 is divided by 14.
12
Calculate the remainder when 2222 is divided by 17.
12
What is the remainder when 186 is divided by 27?
24
What is the remainder when 496 is divided by 66?
34
What is the remainder when 396 is divided by 131?
3
Calculate the remainder when 1622 is divided by 254.
98
Calculate the remainder when 44812 is divided by 14.
12
What is the remainder when 1942 is divided by 14?
10
Calculate the remainder when 233 is divided by 4.
1
Calculate the remainder when 180 is divided by 6.
0
What is the remainder when 113 is divided by 7?
1
Calculate the remainder when 568 is divided by 25.
18
What is the remainder when 25 is divided by 4?
1
Calculate the remainder when 86 is divided by 8.
6
Calculate the remainder when 3069 is divided by 64.
61
Calculate the remainder when 1243 is divided by 96.
91
What is the remainder when 443 is divided by 29?
8
Calculate the remainder when 226 is divided by 62.
40
What is the remainder when 1271 is divided by 75?
71
Calculate the remainder when 7639 is divided by 27.
25
What is the remainder when 4971 is divided by 44?
43
What is the remainder when 1979 is divided by 18?
17
Calculate the remainder when 238 is divided by 16.
14
Calculate the remainder when 1228 is divided by 44.
40
What is the remainder when 125 is divided by 19?
11
Calculate the remainder when 28863 is divided by 8.
7
Calculate the remainder when 292 is divided by 77.
61
Calculate the remainder when 1038 is divided by 116.
110
What is the remainder when 8001 is divided by 87?
84
Calculate the remainder when 327 is divided by 319.
8
What is the remainder when 488 is divided by 62?
54
Calculate the remainder when 1483 is divided by 166.
155
Calculate the remainder when 1153 is divided by 530.
93
What is the remainder when 145 is divided by 118?
27
What is the remainder when 1515 is divided by 501?
12
What is the remainder when 69 is divided by 37?
32
What is the remainder when 185 is divided by 87?
11
What is the remainder when 90 is divided by 34?
22
Calculate the remainder when 748 is divided by 13.
7
What is the remainder when 183 is divided by 10?
3
What is the remainder when 5284 is divided by 1761?
1
What is the remainder when 157 is divided by 8?
5
Calculate the remainder when 1002 is divided by 112.
106
Calculate the remainder when 382 is divided by 96.
94
What is the remainder when 96 is divided by 38?
20
What is the remainder when 381 is divided by 34?
7
What is the remainder when 2046 is divided by 40?
6
Calculate the remainder when 2119 is divided by 55.
29
What is the remainder when 2839 is divided by 409?
385
Calculate the remainder when 2865 is divided by 14.
9
What is the remainder when 1749 is divided by 447?
408
Calculate the remainder when 95 is divided by 27.
14
What is the remainder when 698 is divided by 77?
5
What is the remainder when 376 is divided by 91?
12
What is the remainder when 5801 is divided by 129?
125
What is the remainder when 1272 is divided by 98?
96
Calculate the remainder when 343 is divided by 8.
7
What is the remainder when 94 is divided by 26?
16
What is the remainder when 768 is divided by 110?
108
What is the remainder when 25005 is divided by 48?
45
What is the remainder when 1954 is divided by 15?
4
Calculate the remainder when 489 is divided by 77.
27
What is the remainder when 11 is divided by 5?
1
Calculate the remainder when 167 is divided by 43.
38
What is the remainder when 202 is divided by 41?
38
Calculate the remainder when 139 is divided by 78.
61
